 - 13 - -7
-14
Evaluate 1 + (-6 - -18) + -7 + (21 - 19).
8
Evaluate (-25 - -24) + -18 + -2.
-21
13 - (4 + (-16 - (3 + -10)) - -7)
11
Calculate 3 + (6 - (5 - (6 - 4)) - 4).
2
(41 - (19 - 1)) + -3
20
Calculate 2 - (-12 + -1) - 15.
0
What is 0 - (9 - (3 + -2))?
-8
33 + -46 + 20 + 12 - (-4 - -2)
21
Calculate -12 - (-9 - 15) - 12.
0
What is the value of 6 + (-3 + -9 - (61 + -46))?
-21
Calculate (-3 - (-5 + 1 + 7)) + -8 + 7.
-7
Calculate -10 + -2 + (16 + -13 - (-4 - 0)).
-5
What is -2 + -5 + 2 + (-8 - -12 - 2)?
-3
Evaluate -487 - -472 - (0 + (-10 - -1)) - -31.
25
What is the value of -43 + (22 - -7) - 11?
-25
Calculate -2 + 14 + (-8 + 15 - 11).
8
What is the value of -7 + (0 - -3 - 1) + (35 - 36)?
-6
What is (32 - -1) + (-23 + 8 + 1 - -11)?
30
What is -1 + 3 + 1 + 397 + -403?
-3
What is the value of -2 + 17 - (-76 - -107)?
-16
What is -23 - -73 - (29 + -3)?
24
-8 + 18 + (-15 - (-8 + -21))
24
What is (-7 - (9 - (5 + 3))) + 20?
12
(-4 - -2) + 1 + -8 + 9 + -1
-1
Evaluate 11 + 2 + (7 - 5) + -15.
0
Evaluate 6 + -11 + -8 - -23.
10
Calculate (6 - 1) + -2 - -2.
5
-9 - (24 + -10 + -6)
-17
Evaluate -10 + 2 + -7 + (10 - 0) + -1.
-6
(85 - (72 + -34)) + -37
10
What is -1 + 42 - 3 - ((11 - -13) + -15)?
29
Evaluate 68 + -78 + (-3 - -14).
1
What is the value of (-12 - (-8 + 7)) + (33 - -1)?
23
3 + (-7 + (2 - 4) - (-20 - -3))
11
Calculate -1 + -7 + -5 + 26 - 38.
-25
What is 12 + -23 + 18 + -15?
-8
Calculate -1 + (4 - ((-8 - -1) + 5)).
5
Calculate 0 + 3 + 0 + 12 + -6 + -25.
-16
What is (-1 - (-9 - -10)) + -13 - -7?
-8
Evaluate 28 + -20 + -27 + 23.
4
Evaluate -13 + (15 - (14 - (11 - 10))).
-11
What is the value of 2 + (-3 - (-2 - -1)) + (-41 - -36)?
-5
Evaluate (2 - (-12 + 5)) + 0 + 1.
10
8 + (5 - (21 + -17 + (35 - 0)))
-26
Calculate (-16 - -12) + -5 + -14.
-23
Evaluate -5 + -1 + (-8 - (-16 - 5)) + 10.
17
-27 - (14 + 18 + -20 - (-3 - -9))
-33
(-15 - 0) + 3 - (-256 - -243)
1
What is -6 + (11 - 5 - 34) - 2?
-36
-4 + (7 - (21 + 3 + -13))
-8
(-8 - 4) + 25 + -14
-1
-8 + -4 - (42 - 58)
4
What is -2 + 9 + 8 + -4?
11
What is (-6 - -4) + (7 - (-8 + 19 + -2))?
-4
Evaluate 10 - (0 + -7 + 7).
10
What is -10 + (-17 - (-1 + -20) - (0 - 16))?
10
Evaluate 8 + -5 - (-6 + -3 + (5 - 2)).
9
Calculate -2 + (7 + -1 - (2 - (16 + -11))).
7
What is -11 + (-11 - -25) + 9 + -9?
3
What is -1 + 2 - (1 - -14) - (-174 + 168)?
-8
(6 - (5 - -3)) + 5 - (-12 - -36)
-21
What is the value of (22 - -12) + 1 + -10?
25
What is -1213 - -1209 - (1 - -5)?
-10
(5 - -7 - (2 + 3)) + -9
-2
What is 8 + ((11 - 22) + 3 - -24)?
24
What is the value of (-8 - (6 - 5)) + -6 - (-5 - -3)?
-13
What is the value of (17 - 5) + 24 + -10 + -15?
11
Calculate -1 - 12 - ((25 - 3) + (-79 - -58)).
-14
13 + -3 + (-1 + 0 - (-16 + 11))
14
What is -2 + -1 + (-2 - (-8 - -3)) + -6?
-6
Calculate 19 + 14 + -2 + 1 + -12.
20
Evaluate (-7 - (4 - (-2 + 3))) + (22 - 30).
-18
Evaluate -14 + (54 - 18) - 21.
1
What is the value of (3 - 2 - (5 + 9)) + -6?
-19
Evaluate (6 + -10 - 5) + 5 + (-6 - 0).
-10
Evaluate -21 - (-39 - 3) - 34.
-13
What is 13 + -6 + 12 + (-2 - 6)?
11
What is (-2 - -6) + -6 + (-12 - -7)?
-7
Evaluate ((-8 - 3) + 10 - -10) + -2 + 0.
7
What is the value of -12 + 16 - (4 + -6 - -2 - 3)?
7
33 + (-51 - (-27 - -5))
4
What is the value of -14 - (10 + -11 + -14)?
1
Calculate 9 - 0 - (-16 + -2 - (-44 + 31)).
14
-9 + (4 - 20 - -23)
-2
Evaluate 10 + (-3 - 4) - 0.
3
-13 + (13 - (-13 - -18)) - (7 - -2)
-14
-4 + 8 + -4 + 0 + 9 - -10
19
What is -15 + 1 - (96 - 121)?
11
Calculate -10 + (7 - 3) + 6 - (1 - 0).
-1
7 + 0 + -8 + -15 + 7
-9
Calculate -11 - (-2 - 4) - ((-8 - -6) + 4).
-7
Calculate 5 + (-8 - (-7 + 15)) - -30.
19
Calculate -4 + -43 + 49 - (5 + 0 + 0).
-3
Evaluate -10 + 10 - (11 - (11 - (-7 + 11))).
-4
What is (288 - 280) + 0 + 0 + -1?
7
(-43 - (7 + -43)) + (2 - 1)
-6
-2 + -7 + (16 - 3)
4
Calculate -11 - ((-32 - (-2 - 0)) + (1 - -3)).
15
Evaluate -5 + (-11 - (10 + -9 - 5)).
-12
What is the value of 3 + (-13 - 1) + 26 - 0?
15
What is the value of 30 + -39 + (-10 - -22)?
3
What is 24 - ((12 + -6 - 13) + 8)?
23
Evaluate -3 - 11 - -4 - -11 - -14.
15
(-2 - (-4 + (9 - 1)) - -7) + -2
-1
7 - (-16 - (11 + -17))
17
What is -5 - (7 + (17 - 35))?
6
What is 18 - (-17 - 1 - -31)?
5
What is 14 + (6 - (-5 + 2 + 3) - 10)?
10
What is the value of -9 - (-11 + 2 - (-57 - -57) - -3)?
-3
125 - 118 - (0 + 8)
-1
(-33 + 27 - (-7 - 0)) + -7
-6
-3 - 5 - (5 + -6 + -4 + 3)
-6
-30 + 18 + 2 + 4
-6
What is 13 + -23 + 20 + -11?
-1
What is (11 + -26 - -12) + (-8 - -1) - -8?
-2
Evaluate (-1 - 23) + 11 - -38 - 11.
14
0 + -6 + (-1 - (-8 + 0))
1
What is (0 - -31) + (24 - -26) + -64?
17
What is the value of 141 - 144 - (-3 + 3 + 0 + -1)?
-2
Calculate -10 - (-16 + 13 + 8 + (8 - 1)).
-22
What is the value of -13 - (-29 - -2 - -15)?
-1
What is (-7 - -6 - 1) + (11 - 11) + -6?
-8
Evaluate (25 - 0) + -49 + 55 + 0 + 1.
32
Calculate 1 - (-2 - -1) - (-22 - (15 + -42)).
-3
Calculate (-13 - (-8 + -2)) + (5 - -3) - -9.
14
What is 2 - (14 + -5 - ((30 - 8) + -9))?
6
What is the value of 18 + -19 + 2 + 8 - (3 + -2)?
8
(2 - (37 + -17)) + 15
-3
Calculate (9 - (59 - 41)) + (1 - (1 + 10)).
-19
Calculate 43 - (-5 - -14) - 44.
-10
Calculate (-8 - 1) + (-29 - -14) + 9 + 2.
-13
-17 + -2 + 11 + 15
7
Evaluate 24 - (48 - 28) - -14.
18
What is the value of 0 - ((9 - 4 - 9 - -7) + 0)?
-3
What is the value of -12 - (35 + (-9 - 16) + (-1 - 0))?
-21
Calculate 1 + (-23 - (-19 - -14) - -13).
-4
-7 + -1 - (-19 - (4 - (-16 + 27)))
4
Evaluate (5 - 4 - -1) + -7 + -60 + 81.
16
(1 - 9) + (36 + 2 - 19)
11
What is the value of (-13 - -11) + (1 + 1 - -5)?
5
29 - 31 - (-24 + 20)
2
What is the value of -13 + (-13 - (6 - 16))?
-16
What is the value of (-8 - 0) + 12 + -7 + 11?
8
Evaluate 6 - (-6 + (15 - -10)).
-13
Calculate -7 - ((-18 - -61) + -33).
-17
What is the value of -56 - -4 - (-15 + -13)?
-24
Evaluate 4 + (-7 + 6 + -6 - 15).
-18
Evaluate -21 - 1 - (2 + 7 + -17).
-14
What is (-12 - (-13 + 7)) + 0 + -18 + 6?
-18
-38 + 21 - (4 + 6 + -11)
-16
-60 + -3 + 32 - -21
-10
What is 10 - (44 - 16) - -26?
8
Evaluate 10 + -8 + 3 + -9.
-4
What is -6 + (-4 - -19) - (0 + -4 + 10)?
3
What is (2 - (7 - 3 - -18)) + (-46 - -47)?
-19
What is (15 - (-3 + 4 + (13 - 6))) + -4?
3
Evaluate -16 - (-7 + -3) - 7.
-13
What is -4 + -6 + 409 + -393?
6
Evaluate (7 - -1) + (6 - (18 - (15 + -6))).
5
What is -7 + 0 + -3 + -6 + -8 + 31?
7
Evaluate -14 + 14 + -22 - -42.
20
Calculate -40 - (13 + -53) - -34.
34
Calculate 622 + -619 + (-1 - 14).
-12
Evaluate (-40 - -11) + 3 - -11.
-15
Evaluate 13 + 38 + -58 - (-2 + -38).
33
What is -3 + 2 + (-10 - (-8 + -14))?
11
What is the value of -334 + 323 + 9 + -2 + 0?
-4
What is the value of 6 - ((6 - 6) + -3) - (-2 + 9)?
2
Evaluate 4 - ((-2 - 11) + 15).
2
What is -11 + (-2 - (-8 + 9))?
-14
Calculate 9 + (-19 - -10) - -2 - (-2 - 13).
17
8 - (-9 + -9 + 25 - -1)
0
-11 + (8 - (-8 - -3))
2
8 + -1 + 0 + (-5 - 9) + 44
37
Evaluate -1 + 11 - (17 + -11 - 11).
15
Calculate -29 - -58 - (18 - 10).
21
What is -1 + 27 - 8 - 13?
5
Calculate 10 - ((10 - (25 + -9)) + 5).
11
What is the value of -403 - -411 - (-1 + 0 + -2 + 5)?
6
What is the value of -8 + 11 + (-15 - -10) + 6?
4
What is the value of (-167 - -165) + (-1 + 0 - 11)?
-14
What is the value of (70 - 77) + (3 - 1)?
-5
What is -3 + 4 - (-7 + -7 - -4)?
11
-3 + 18 - (5 - (4 + 0 + -5))
9
Evaluate (2 - -2) + 1 - (0 - 11 - -6).
10
Evaluate -39 + 33 + 59 + -34.
19
What is 2 + (10 - 7 - (5 + -4)) + 5?
9
What is (21 + -11 - (8 + 1)) + -17?
-16
What is (-5 - -6 - (0 + 6) - -12) + -2?
5
What is 17 + (11 - 19 - -2)?
11
3 - ((13 - 11) + -4)
5
What is (-13 - -24) + -34 - -8?
-15
3 + -3 + 26 - 21
5
Calculate (-3 - (17 + -9) - -12) + -8.
-7
(1 - -2) + (0 - -10)
13
What is the value of (9 + -14 - 4) + -1 + 27?
17
Calculate -7 + (232 - 228) + 1 + (-7 - -1).
-8
Calculate -9 - (5 + -2 - (22 + -28)).
-18
Evaluate (1 - -7) + (5 - (4 + -9 - -8)).
10
-65 + 66 - (-1 + 14)
-12
What is 4 + -23 - (-5 + -1 - (-2 + 3))?
-12
Evaluate 5 + -1 + (-2 - 1) + (35 - 26).
10
What is -6 + (10 - 2) + -16 + 15 + 0?
1
Calculate 5 - (5 - -14 - -16) - 4.
-34
-11 + 12 + 5 + (9 - 2) - -1
14
What is (19 - 17) + 5 + 1 + (3 - 8)?
3
Calculate 7 - (12 + -3 + -5 - 11).
14
What is the value of (13 - -2 - 18) + 9?
6
Evaluate (4 - (8 + 13)) + 28.
11
Evaluate -1 + (1 - (-3 + -6 + 4)).
5
What is the value of (-7 - 7 - 3) + 2 